{"id":3,"date":"2023-04-27T17:00:20","date_gmt":"2023-04-27T17:00:20","guid":{"rendered":"https:\/\/firma.demositen.online\/?page_id=3"},"modified":"2023-11-09T11:29:00","modified_gmt":"2023-11-09T11:29:00","slug":"privacy-policy","status":"publish","type":"page","link":"https:\/\/kryoturk.com\/?page_id=3","title":{"rendered":"K.V.K.K Ayd\u0131ntlatma Metni"},"content":{"rendered":"\t\t<div data-elementor-type=\"wp-page\" data-elementor-id=\"3\" class=\"elementor elementor-3\">\n\t\t\t\t\t\t\t\t\t<section class=\"elementor-section elementor-top-section elementor-element elementor-element-651d62b elementor-section-boxed elementor-section-height-default elementor-section-height-default\" data-id=\"651d62b\" data-element_type=\"section\">\n\t\t\t\t\t\t<div class=\"elementor-container elementor-column-gap-default\">\n\t\t\t\t\t<div class=\"elementor-column elementor-col-100 elementor-top-column elementor-element elementor-element-8b2324a\" data-id=\"8b2324a\" data-element_type=\"column\">\n\t\t\t<div class=\"elementor-widget-wrap elementor-element-populated\">\n\t\t\t\t\t\t\t\t<div class=\"elementor-element elementor-element-879f761 elementor-widget elementor-widget-text-editor\" data-id=\"879f761\" data-element_type=\"widget\" data-widget_type=\"text-editor.default\">\n\t\t\t\t<div class=\"elementor-widget-container\">\n\t\t\t<style>\/*! elementor - v3.12.2 - 23-04-2023 *\/\n.elementor-widget-text-editor.elementor-drop-cap-view-stacked .elementor-drop-cap{background-color:#69727d;color:#fff}.elementor-widget-text-editor.elementor-drop-cap-view-framed .elementor-drop-cap{color:#69727d;border:3px solid;background-color:transparent}.elementor-widget-text-editor:not(.elementor-drop-cap-view-default) .elementor-drop-cap{margin-top:8px}.elementor-widget-text-editor:not(.elementor-drop-cap-view-default) .elementor-drop-cap-letter{width:1em;height:1em}.elementor-widget-text-editor .elementor-drop-cap{float:left;text-align:center;line-height:1;font-size:50px}.elementor-widget-text-editor .elementor-drop-cap-letter{display:inline-block}<\/style>\t\t\t\t<p>KRYOTURK KURUBUZ \u0130MALAT SANAY\u0130 VE DI\u015e T\u0130CARET L\u0130M\u0130TED \u015e\u0130RKET\u0130 .(\u015e\u0130RKET) 6698 SAYILI K\u0130\u015e\u0130SEL VER\u0130LER\u0130N KORUNMASI KANUNU (\u201cKVKK\u201d) UYARINCA K\u0130\u015e\u0130SEL VER\u0130LER\u0130N KORUNMASI HAKKINDA Z\u0130YARET\u00c7\u0130 AYDINLATMA METN\u0130<br \/><br \/>\u00a0\u0130\u015f bu form, 24\/3\/2016 tarihinde kabul edilen 6698 say\u0131l\u0131 Ki\u015fisel Verilerin Korunmas\u0131 Kanunu ve ilgili sair mevzuat kapsam\u0131nda, ki\u015fisel verilerin elde edilmesi s\u0131ras\u0131nda Ziyaret\u00e7inin bilgilendirilmesi ve ayd\u0131nlat\u0131lmas\u0131 amac\u0131yla haz\u0131rlanm\u0131\u015ft\u0131r. KRYOTURK KURUBUZ \u0130MALAT SANAY\u0130 VE DI\u015e T\u0130CARET L\u0130M\u0130TED \u015e\u0130RKET\u0130. Bundan b\u00f6yle \u201c\u015eirket\u201d olarak an\u0131lacakt\u0131r.) olarak ki\u015fisel verilerinizin g\u00fcvenli\u011fi hususuna azami hassasiyet g\u00f6sterilmektedir. \u015eirket ile ili\u015fkili t\u00fcm \u015fah\u0131slara ait her t\u00fcrl\u00fc ki\u015fisel verilerin 6698 say\u0131l\u0131 Ki\u015fisel Verilerin Korunmas\u0131 Kanunu (\u201cKVK Kanunu\u201d)\u2019na uygun olarak i\u015flenmesine ve muhafaza edilmesine b\u00fcy\u00fck \u00f6nem verilmektedir. \u015eirketimiz nezdindeki ki\u015fisel verilerinizin aram\u0131zda kurulan ili\u015fki \u00e7er\u00e7evesi dahilinde, i\u015flenmelerini gerektiren ama\u00e7 \u00e7er\u00e7evesinde ve bu ama\u00e7 ile ba\u011flant\u0131l\u0131, s\u0131n\u0131rl\u0131 ve \u00f6l\u00e7\u00fcl\u00fc \u015fekilde, taraf\u0131m\u0131za bildirdi\u011finiz veya bildirildi\u011fi \u015fekliyle, do\u011fruluklar\u0131n\u0131 ve en g\u00fcncel hallerini koruyarak; ilgili yasal d\u00fczenlemeler ve yasal otoritelerce \u00f6ng\u00f6r\u00fclen bilgi saklama, raporlama, bilgilendirme y\u00fck\u00fcml\u00fcl\u00fcklerine uyum gere\u011fi, \u201cVeri Sorumlusu\u201d s\u0131fat\u0131yla \u015eirketimiz taraf\u0131ndan sistemlerimize kaydedilece\u011fini, depolanaca\u011f\u0131n\u0131, muhafaza edilece\u011fini, saklanaca\u011f\u0131n\u0131, yasal gerekler ile g\u00fcncellenece\u011fini, kanunen ki\u015fisel verilerinizi talep etmeye yetkili olan kurumlar ile payla\u015f\u0131laca\u011f\u0131n\u0131, mevzuat\u0131n izin verdi\u011fi durumlarda ve yasal s\u0131n\u0131rlar dahilinde yurti\u00e7i veya yurtd\u0131\u015f\u0131 3. ki\u015filere a\u00e7\u0131klanabilece\u011fini\/devredilebilece\u011fini, s\u0131n\u0131fland\u0131r\u0131labilece\u011fini ve Ki\u015fisel Verilerin Korunmas\u0131 Kanunu\u2019nda say\u0131lan \u015fekillerde i\u015flenebilece\u011fini taraf\u0131n\u0131za bildiririz. <br \/><br \/>K\u0130\u015e\u0130SEL VER\u0130LER\u0130N\u0130Z\u0130N \u0130\u015eLENME AMA\u00c7LARI <br \/><br \/>Toplanan ki\u015fisel verilerinizin neler oldu\u011fu, \u015firketimiz taraf\u0131ndan verilen hizmet, \u00fcr\u00fcn ya da ticari faaliyete ba\u011fl\u0131 olarak de\u011fi\u015fkenlik g\u00f6sterebilmekle; otomatik ya da otomatik olmayan y\u00f6ntemlerle, ofisler, \u015fubeler, \u00e7a\u011fr\u0131 merkezi, internet sitesi, sosyal medya mecralar\u0131, mobil uygulamalar ve benzeri vas\u0131talarla s\u00f6zl\u00fc, yaz\u0131l\u0131 ya da elektronik olarak toplanabilmektedir. \u015eirketimizin \u00fcr\u00fcn ve hizmetlerinden yararland\u0131\u011f\u0131n\u0131z ve aksi bir talebiniz taraf\u0131m\u0131za 2 ula\u015fmad\u0131\u011f\u0131 m\u00fcddet\u00e7e olu\u015fturularak ve g\u00fcncellenerek ki\u015fisel verileriniz i\u015flenebilecektir. Toplanan ki\u015fisel verileriniz, \u015firketimiz taraf\u0131ndan sunulan \u00fcr\u00fcn ve hizmetlerden sizleri faydaland\u0131rmak i\u00e7in gerekli \u00e7al\u0131\u015fmalar\u0131n i\u015f birimlerimiz taraf\u0131ndan yap\u0131lmas\u0131, \u015firketimiz taraf\u0131ndan sunulan \u00fcr\u00fcn ve hizmetlerin sizlerin be\u011feni, kullan\u0131m al\u0131\u015fkanl\u0131klar\u0131 ve ihtiya\u00e7lar\u0131na g\u00f6re \u00f6zelle\u015ftirilerek sizlere \u00f6nerilmesi, \u015firketimizin ve \u015firketimizle i\u015f ili\u015fkisi i\u00e7erisinde olan ki\u015filerin hukuki ve ticari g\u00fcvenli\u011finin temini (\u015firketimiz taraf\u0131ndan y\u00fcr\u00fct\u00fclen ileti\u015fime y\u00f6nelik idari operasyonlar, \u015firkete ait lokasyonlar\u0131n g\u00fcvenli\u011fini ve denetimini sa\u011flamak, i\u015f orta\u011f\u0131\/m\u00fc\u015fteri\/tedarik\u00e7i (yetkili veya \u00e7al\u0131\u015fanlar\u0131) de\u011ferlendirme s\u00fcre\u00e7leri, hukuki uyum s\u00fcreci, mali i\u015fler v.b.), \u015firketimizin ticari ve i\u015f stratejilerinin belirlenmesi ve uygulanmas\u0131 ama\u00e7lar\u0131 ile KVK Kanunu\u2019nun 5. ve 6. maddelerinde belirtilen ki\u015fisel veri i\u015fleme \u015fartlar\u0131 ve ama\u00e7lar\u0131 dahilinde i\u015flenecektir. <br \/><br \/>K\u0130\u015e\u0130SEL VER\u0130LER\u0130N\u0130Z\u0130N AKTARILACA\u011eI \u00dc\u00c7\u00dcNC\u00dc K\u0130\u015e\u0130LER VE AKTARILMA AMA\u00c7LARI <br \/><br \/>\u015eirket\u2019in me\u015fru ve hukuka uygun ki\u015fisel veri i\u015fleme ama\u00e7lar\u0131 do\u011frultusunda ki\u015fisel verileriniz, \u015eirket taraf\u0131ndan sunulan \u00fcr\u00fcn ve hizmetlerden sizleri faydaland\u0131rmak i\u00e7in gerekli \u00e7al\u0131\u015fmalar\u0131n i\u015f birimlerimiz taraf\u0131ndan yap\u0131lmas\u0131, \u015eirket taraf\u0131ndan sunulan \u00fcr\u00fcn ve hizmetlerin sizlerin be\u011feni, kullan\u0131m al\u0131\u015fkanl\u0131klar\u0131 ve ihtiya\u00e7lar\u0131na g\u00f6re \u00f6zelle\u015ftirilerek sizlere \u00f6nerilmesi, \u015eirket\u2019in, \u015eirket ile i\u015f ili\u015fkisi i\u00e7erisinde olan ki\u015filerin hukuki ve ticari g\u00fcvenli\u011finin temini (\u015eirketimiz taraf\u0131ndan y\u00fcr\u00fct\u00fclen ileti\u015fime y\u00f6nelik idari operasyonlar, \u015eirket\u2019e ait lokasyonlar\u0131n fiziksel g\u00fcvenli\u011fini ve denetimini sa\u011flamak, i\u015f orta\u011f\u0131\/m\u00fc\u015fteri\/tedarik\u00e7i (yetkili veya \u00e7al\u0131\u015fanlar\u0131) de\u011ferlendirme s\u00fcre\u00e7leri, itibar ara\u015ft\u0131rma s\u00fcre\u00e7leri, hukuki uyum s\u00fcreci, denetim, mali i\u015fler v.b.), \u015eirket\u2019in ticari ve i\u015f stratejilerinin belirlenmesi ve uygulanmas\u0131 ile, \u015eirketimizin insan kaynaklar\u0131 politikalar\u0131n\u0131n y\u00fcr\u00fct\u00fclmesinin temini ama\u00e7lar\u0131yla i\u015f ortaklar\u0131m\u0131za, tedarik\u00e7ilerimize, grup \u015firketlerimize, hissedarlar\u0131m\u0131za, kanunen yetkili kamu kurumlar\u0131 ve \u00f6zel ki\u015filere, KVK Kanunu\u2019nun 8. ve 9. maddelerinde belirtilen ki\u015fisel veri i\u015fleme \u015fartlar\u0131 ve ama\u00e7lar\u0131 \u00e7er\u00e7evesinde aktar\u0131labilecektir. <br \/><br \/>K\u0130\u015e\u0130SEL VER\u0130LER\u0130N\u0130Z\u0130N TOPLANMA VE \u0130\u015eLENME Y\u00d6NTEMLER\u0130 <br \/><br \/>Ki\u015fisel verileriniz, \u015eirket taraf\u0131ndan farkl\u0131 yollardan (\u015eirket merkezi, \u015fubeleri, bayileri, sat\u0131\u015f ofisleri veya di\u011fer alt y\u00fcklenicileri veya i\u015f ortaklar\u0131 ile ileti\u015fime ge\u00e7ebilece\u011finiz ofis ve di\u011fer fiziki ortamlar, internet siteleri, mobil uygulamalar ve benzeri elektronik i\u015flem platformlar\u0131, sosyal medya veya di\u011fer kamuya a\u00e7\u0131k mecralar 3 arac\u0131l\u0131\u011f\u0131yla, d\u00fczenleyecekleri e\u011fitim, seminer ve benzeri ortamlara kat\u0131lman\u0131zla, tahkikat y\u00f6ntemiyle veya anla\u015fmal\u0131 olduklar\u0131 di\u011fer ki\u015fi ve kurulu\u015flar kanal\u0131yla s\u00f6zl\u00fc, yaz\u0131l\u0131, ses veya g\u00f6r\u00fcnt\u00fc kayd\u0131 veya di\u011fer fiziksel veya elektronik ortamda vb. ) elde edilebilir. HAKLARINIZ Ki\u015fisel veri sahipleri olarak, haklar\u0131n\u0131za ili\u015fkin taleplerinizi, a\u015fa\u011f\u0131da d\u00fczenlenen y\u00f6ntemlerle \u015eirket\u2019e iletmeniz durumunda, \u015eirket talebinizi niteli\u011fine g\u00f6re en k\u0131sa s\u00fcrede ve en ge\u00e7 30 (otuz) g\u00fcn i\u00e7inde \u00fccretsiz olarak sonu\u00e7land\u0131racakt\u0131r. Ancak, Ki\u015fisel Verileri Koruma Kurulunca bir \u00fccret \u00f6ng\u00f6r\u00fclmesi halinde, belirlenen tarifedeki \u00fccret al\u0131nabilir. Bu kapsamda ki\u015fisel veri sahipleri, \u015eirket\u2019e ba\u015fvurarak a\u015fa\u011f\u0131daki haklar\u0131n\u0131 kullanabilir: \u2022 \u015eirketin veri sahibinin ki\u015fisel verilerini i\u015fleyip i\u015flemedi\u011fini \u00f6\u011frenme, \u2022 E\u011fer \u015eirket nezdinde ki\u015fisel veriler i\u015fleniyorsa, bu veri i\u015fleme faaliyeti hakk\u0131nda bilgi talep etme, \u2022 E\u011fer \u015eirket nezdinde ki\u015fisel veriler i\u015fleniyorsa, ki\u015fisel veri i\u015fleme faaliyetinin amac\u0131n\u0131 ve i\u015flenme amac\u0131na uygun kullan\u0131l\u0131p kullanmad\u0131\u011f\u0131n\u0131 \u00f6\u011frenme, \u2022 E\u011fer ki\u015fisel veriler yurti\u00e7inde veya yurtd\u0131\u015f\u0131nda \u00fc\u00e7\u00fcnc\u00fc ki\u015filere aktar\u0131l\u0131yorsa, bu \u00fc\u00e7\u00fcnc\u00fc ki\u015filer hakk\u0131nda bilgi talep etme, \u2022 Ki\u015fisel verilerin eksik veya yanl\u0131\u015f i\u015flenmi\u015f olmas\u0131 halinde, bunlar\u0131n d\u00fczeltilmesini talep etme, \u2022 Ki\u015fisel verilerin \u015eirket nezdinde eksik veya yanl\u0131\u015f i\u015flenmi\u015f olmas\u0131 halinde, ki\u015fisel verilerin aktar\u0131ld\u0131\u011f\u0131 \u00fc\u00e7\u00fcnc\u00fc ki\u015filere bu durumun bildirilmesini talep etme, \u2022 Ki\u015fisel verilerin Kanun ve ilgili di\u011fer kanun h\u00fck\u00fcmlerine uygun olarak i\u015flenmi\u015f olmas\u0131na ra\u011fmen, i\u015flenmesini gerektiren sebeplerin ortadan kalkmas\u0131 h\u00e2linde ki\u015fisel verilerin silinmesini, yok edilmesini veya anonim hale getirilmesini isteme. \u2022 Ki\u015fisel verilerin i\u015flenmesini gerektiren sebepler ortadan kalkt\u0131ysa, bu durumun ki\u015fisel verilerin aktar\u0131ld\u0131\u011f\u0131 \u00fc\u00e7\u00fcnc\u00fc ki\u015filere bildirilmesini talep etme, \u2022 \u015eirket taraf\u0131ndan i\u015flenen ki\u015fisel verilerin m\u00fcnhas\u0131ran otomatik sistemler vas\u0131tas\u0131yla analiz edilmesi ve bu analiz neticesinde ilgili ki\u015finin aleyhine bir sonu\u00e7 do\u011fdu\u011funu d\u00fc\u015f\u00fcnd\u00fc\u011f\u00fc sonu\u00e7lar\u0131n ortaya \u00e7\u0131kmas\u0131 halinde, bu sonuca itiraz etme. \u2022 Ki\u015fisel verilerin kanuna ayk\u0131r\u0131 olarak i\u015flenmesi sebebiyle zarara u\u011franmas\u0131 halinde zarar\u0131n giderilmesini talep etme. Kanun\u2019un 13(f.1) maddesi gere\u011fince, yukar\u0131da belirtilen haklar\u0131n\u0131z\u0131 kullanmak ile ilgili talebinizi, kimli\u011finizi tespit edici gerekli bilgiler ile; <br \/><br \/><a href=\"http:\/\/www.kryoturk.comadresindeki\">www.kryoturk.comadresindeki<\/a> formu doldurarak, formun imzal\u0131 bir 4 \u00f6rne\u011fini Deri Osb MAH.Kazl\u0131\u00e7e\u015fme Cad.No:52 \u0130\u00e7kap\u0131 no:ATuzla-\u0130STANBUL adresine bizzat elden teslim ederek, noter kanal\u0131yla g\u00f6ndererek, formun imzal\u0131 bir \u00f6rne\u011fini <a href=\"mailto:info@kryoturk.com\">info@kryoturk.com<\/a> adresine g\u00f6ndererek iletebilirsiniz. DE\u011e\u0130\u015e\u0130KL\u0130KLER KRYOTURK KURUBUZ \u0130MALAT SANAY\u0130 VE DI\u015e T\u0130CARET L\u0130M\u0130TED \u015e\u0130RKET\u0130.\u2019nin, Ki\u015fisel Verilerin Korunmas\u0131 Kanunu\u2019nda olabilecek de\u011fi\u015fiklikler ve Ki\u015fisel Verileri Koruma Kurulu taraf\u0131ndan belirlenecek y\u00f6ntemler nedeni ile bu ayd\u0131nlatma bildiriminde de\u011fi\u015fiklik yapma hakk\u0131 sakl\u0131d\u0131r.<\/p>\t\t\t\t\t\t<\/div>\n\t\t\t\t<\/div>\n\t\t\t\t\t<\/div>\n\t\t<\/div>\n\t\t\t\t\t\t\t<\/div>\n\t\t<\/section>\n\t\t\t\t\t\t\t<\/div>\n\t\t","protected":false},"excerpt":{"rendered":"<p>KRYOTURK KURUBUZ \u0130MALAT SANAY\u0130 VE DI\u015e T\u0130CARET L\u0130M\u0130TED \u015e\u0130RKET\u0130 .(\u015e\u0130RKET) 6698 SAYILI K\u0130\u015e\u0130SEL VER\u0130LER\u0130N KORUNMASI KANUNU (\u201cKVKK\u201d) UYARINCA K\u0130\u015e\u0130SEL VER\u0130LER\u0130N KORUNMASI HAKKINDA Z\u0130YARET\u00c7\u0130 AYDINLATMA METN\u0130 \u00a0\u0130\u015f bu form, 24\/3\/2016 tarihinde kabul edilen 6698 say\u0131l\u0131 Ki\u015fisel Verilerin Korunmas\u0131 Kanunu ve ilgili sair mevzuat kapsam\u0131nda, ki\u015fisel verilerin elde edilmesi s\u0131ras\u0131nda Ziyaret\u00e7inin bilgilendirilmesi ve ayd\u0131nlat\u0131lmas\u0131 amac\u0131yla haz\u0131rlanm\u0131\u015ft\u0131r. KRYOTURK &hellip;<\/p>\n<p class=\"read-more\"> <a class=\"\" href=\"https:\/\/kryoturk.com\/?page_id=3\"> <span class=\"screen-reader-text\">K.V.K.K Ayd\u0131ntlatma Metni<\/span> Devam\u0131 &raquo;<\/a><\/p>\n","protected":false},"author":1,"featured_media":0,"parent":0,"menu_order":0,"comment_status":"closed","ping_status":"open","template":"","meta":{"site-sidebar-layout":"default","site-content-layout":"default","ast-global-header-display":"","ast-main-header-display":"","ast-hfb-above-header-display":"","ast-hfb-below-header-display":"","ast-hfb-mobile-header-display":"","site-post-title":"","ast-breadcrumbs-content":"","ast-featured-img":"","footer-sml-layout":"","theme-transparent-header-meta":"","adv-header-id-meta":"","stick-header-meta":"","header-above-stick-meta":"","header-main-stick-meta":"","header-below-stick-meta":"","footnotes":""},"class_list":["post-3","page","type-page","status-publish","hentry"],"_links":{"self":[{"href":"https:\/\/kryoturk.com\/index.php?rest_route=\/wp\/v2\/pages\/3","targetHints":{"allow":["GET"]}}],"collection":[{"href":"https:\/\/kryoturk.com\/index.php?rest_route=\/wp\/v2\/pages"}],"about":[{"href":"https:\/\/kryoturk.com\/index.php?rest_route=\/wp\/v2\/types\/page"}],"author":[{"embeddable":true,"href":"https:\/\/kryoturk.com\/index.php?rest_route=\/wp\/v2\/users\/1"}],"replies":[{"embeddable":true,"href":"https:\/\/kryoturk.com\/index.php?rest_route=%2Fwp%2Fv2%2Fcomments&post=3"}],"version-history":[{"count":7,"href":"https:\/\/kryoturk.com\/index.php?rest_route=\/wp\/v2\/pages\/3\/revisions"}],"predecessor-version":[{"id":2808,"href":"https:\/\/kryoturk.com\/index.php?rest_route=\/wp\/v2\/pages\/3\/revisions\/2808"}],"wp:attachment":[{"href":"https:\/\/kryoturk.com\/index.php?rest_route=%2Fwp%2Fv2%2Fmedia&parent=3"}],"curies":[{"name":"wp","href":"https:\/\/api.w.org\/{rel}","templated":true}]}}